er when b(-7) is divided by g.
11
Suppose 2*l - 56 = -3*i, -3*i = -3*l - 27 - 9. Calculate the remainder when i is divided by 9.
7
Let p(f) = 5*f**3 - 1. What is the remainder when p(1) is divided by 3?
1
Let v(f) = -f**2 - 8*f - 5. Suppose -5*a - 3 = -6*a. Calculate the remainder when -1 + -1 + a + 31 is divided by v(-4).
10
Let c = -51 + 66. Calculate the remainder when 40 is divided by c.
10
Suppose 3*q - 285 = -0*q. Calculate the remainder when q is divided by 24.
23
Let p = -3 + 6. Let w(d) = -3 + 6 - d - 1 + 5. What is the remainder when w(p) is divided by 2?
0
Suppose -5*n = -4*q - 177, -8*n - 3*q = -11*n + 108. Calculate the remainder when n is divided by 7.
5
Let w = -40 + 63. Let j(q) = q**2 + 12. Suppose -5*n - 6 = 19, -5*t + 3*n + 15 = 0. What is the remainder when w is divided by j(t)?
11
Suppose -3*m + 43 = -4*o - 34, 5*m - 4*o - 123 = 0. What is the remainder when 80 is divided by m?
11
Let y be (-2)/3 + (-14)/6. Let b(a) = -a**2 - 2*a - 3. Let q be b(y). Let x(s) = s + 14. Calculate the remainder when 23 is divided by x(q).
7
Suppose -l + 4 = l. Suppose v + l = 3. Calculate the remainder when 1 is divided by v.
0
Suppose -2*f - 307 = -3*q - 1002, 4*f = q + 1375. What is the remainder when f is divided by 43?
42
Let q = 6 + -9. What is the remainder when 14 is divided by 10*((-24)/10)/q?
6
Let u(n) = -3*n - 2. Let g(l) = -l**3 - 6*l**2 - l + 5. Let i be g(-5). Let t = 19 + i. Calculate the remainder when u(-4) is divided by t.
2
Let m(h) be the first derivative of 5*h**2 - 7*h - 10. Let b = 5 + 0. Calculate the remainder when m(b) is divided by 15.
13
Let h(i) = -2*i**3 + i**2 + i - 6. What is the remainder when h(-3) is divided by 14?
12
Let w(j) = 15*j**2 - 4*j - 13. Calculate the remainder when w(-2) is divided by 19.
17
Let q(l) = l**2 + 15*l - 29. What is the remainder when q(-20) is divided by 8?
7
What is the remainder when (-54)/(-9) + (1 - -8) is divided by 0 + 2 - -2 - -2?
3
Let n be (-2)/(-7) - (-794)/14. Suppose 3*j - n = -0*j. Calculate the remainder when 6/(-2) - -1*j is divided by 9.
7
Suppose -4*o = 2*a - 77 + 15, 0 = 4*o - 3*a - 37. What is the remainder when 21 is divided by o?
8
Suppose 2*i - 3 = 5. Suppose j - 7 = i. What is the remainder when 32 is divided by j?
10
Let t(s) = -5*s**3 - s - 2. What is the remainder when 19 is divided by t(-1)?
3
Suppose 51 - 23 = 2*v. Calculate the remainder when 52 is divided by v.
10
Let i(x) = -x**3 + 7*x**2 + 8*x + 2. Let h be i(8). Let g = 9 + h. What is the remainder when 19 is divided by g?
8
Suppose 0 = -m - 3*m + 32. Suppose -3*c + z = -6*c + m, -22 = 3*c - 5*z. Calculate the remainder when c is divided by 1.
0
Let m be ((-5)/10)/((-1)/6). What is the remainder when 2 is divided by (-5)/(-1) - m - 1?
0
Let a = -68 + 32. Let o = a + 71. Calculate the remainder when o is divided by 9.
8
Let f(o) = -4*o - 13. What is the remainder when f(-7) is divided by 8?
7
What is the remainder when (10 + -9)/(2/46) is divided by 4?
3
Suppose -p - 45 + 170 = 0. Let i = -41 - -73. Calculate the remainder when p is divided by i.
29
Let n(f) = -2*f. Let c be n(-2). Suppose 0 = -3*i + 3*y + 45, -c*i - 5*y - 12 = -54. What is the remainder when i is divided by 4?
1
Suppose 3*f - 5*f = -30. What is the remainder when 58 is divided by f?
13
Suppose 10 = -6*s + 4*s. Let z(m) = -m - 3. What is the remainder when -4*(1 - (-9)/(-6)) is divided by z(s)?
0
Let n(v) = v + 2 - 3*v - 5*v - 7. Calculate the remainder when n(-6) is divided by 13.
11
Calculate the remainder when 61 is divided by (-1)/(-8) + (-255)/(-8).
29
Let x = -54 - -163. What is the remainder when x is divided by 14?
11
Suppose -150 = 6*r - r. Let l = 62 + r. Suppose 2*x + s - 34 = -s, -2*x + 34 = -5*s. Calculate the remainder when l is divided by x.
15
Let r(j) = -70*j**3 - 4*j**2 - 3*j - 1. Calculate the remainder when r(-1) is divided by 23.
22
Let g = -10 + 8. What is the remainder when 70 is divided by (-32)/(-40)*(-45)/g?
16
Suppose -9*d + 32 = -40. Suppose -4*x = x - 15. Calculate the remainder when d is divided by x.
2
Let n = -53 - -111. Calculate the remainder when n is divided by 31.
27
Let r = -10 + -8. Let n = 12 + r. Let h = n + 19. Calculate the remainder when 38 is divided by h.
12
Let l = 204 - 122. Let m = 118 - l. What is the remainder when m is divided by 13?
10
Calculate the remainder when 31*4/12*3 is divided by 12.
7
Suppose -37 = -6*z + 17. Calculate the remainder when 17 is divided by z.
8
Suppose 0 = 5*m - t - 524, -2*m - 5*t + 331 = 116. What is the remainder when m is divided by 18?
15
Suppose -4*g = -10 - 2. Suppose -5*p + g*p = 0. Suppose p*q - 2*q = -4. What is the remainder when 2 is divided by q?
0
Let m be 0 + (13 - -1 - -1). Let a = m - 8. Let j(y) = -y**2 + 7*y + 10. Calculate the remainder when j(a) is divided by 4.
2
Suppose -5*s = 5*v - 10, 4*v - 5*v + 4*s = -2. Let q be v/(-12) - 1/(-6). Let w(x) = x + 14. What is the remainder when 41 is divided by w(q)?
13
Suppose 6*o = o + 4*p + 47, -5*p = 2*o - 32. What is the remainder when -5 - -3 - (-2 - o) is divided by 4?
3
Let t(i) = i**3 - i**2 - 4*i - 2. What is the remainder when t(5) is divided by 40?
38
Let w(h) = -6*h - 3. What is the remainder when 228 is divided by w(-4)?
18
Let i(w) = 9 - w - 5*w**3 + w**3 + 3*w**3 + 8*w**2. Let y(c) = -c**3 - 4*c**2 - 2*c. Let x be y(-4). What is the remainder when 2 is divided by i(x)?
0
Calculate the remainder when 9 is divided by 45/10*(-6)/(-9).
0
Let p be (-43)/3 - 1/(-3). Calculate the remainder when 10 is divided by (-16)/(-3) - p/21.
4
Let x = -15 - -19. Calculate the remainder when (-30)/(1*x/(-8)) is divided by 21.
18
Suppose 4*q + q + 3*k - 22 = 0, -3*q - k = -14. Suppose 0 = 3*n - 3*v + 12, 6 + 4 = -5*v. Let t(f) = f + 14. Calculate the remainder when t(n) is divided by q.
3
Let q(r) = -63*r + 2. Calculate the remainder when q(-1) is divided by 34.
31
Let a = 21 + -6. What is the remainder when (44/(-3))/((-3)/9) is divided by a?
14
Suppose 0 = 7*d - 131 - 114. What is the remainder when 277 is divided by d?
32
Suppose 0*j - 13 = -5*i - j, 5*j = i + 13. Suppose 5*c - 2*r - 65 = -r, -i*r + 80 = 5*c. Calculate the remainder when c is divided by 1 - -3 - 1/(-1).
4
Suppose -5*z = -z - 36. Let g(v) = -v**3 + 9*v**2 + 7*v - 7. What is the remainder when g(z) is divided by 19?
18
Suppose -4*s + 113 = -63. Calculate the remainder when 174 is divided by s.
42
Let i = -2 - -1. Let r(v) = -16*v**2 + 2*v + 4. Let j(q) = 15*q**2 - 2*q - 3. Let d(o) = 3*j(o) + 2*r(o). Calculate the remainder when d(i) is divided by 8.
6
Let y = -14 + 18. Let f = 4 - 6. Calculate the remainder when -2 + f/(-2) + 12 is divided by y.
3
Let n be 2 - (-351)/(12/4). Suppose -m + 56 = 5*h - n, 4*h - 2*m = 154. What is the remainder when h is divided by 20?
16
Suppose 0 = -5*l + o + 19, l - 3*o + 11 = 3*l. Calculate the remainder when 10 is divided by l.
2
Suppose -3*r - r + 2*f + 616 = 0, -r + 168 = 3*f. Calculate the remainder when r is divided by 40.
36
Let o(a) = a + 6. Let p be o(-6). Suppose -k = -3 - p. Let n = -3 - -10. Calculate the remainder when n is divided by k.
1
Suppose 0 = 3*s + 2*s - 40. Calculate the remainder when 62 is divided by s/2 - 2 - -14.
14
Let c be ((-11)/(-2))/((-1)/2). What is the remainder when (-2)/c + (-449)/(-11) is divided by 11?
8
Suppose y - 16 = -4*n + 3*y, -4*n + 20 = -3*y. Suppose -l + 3*v + 6 + 14 = 0, -v = n*l - 54. Calculate the remainder when l is divided by 14.
12
Suppose 4*a - 24 = -4*y + 28, 0 = a + 3*y - 13. What is the remainder when 140 is divided by a?
10
Suppose 2 = -0*l + l, -4*o - l = -442. Calculate the remainder when o is divided by 16.
14
Suppose 2*b + 23 = 79. Suppose -7*w - 210 = -12*w. What is the remainder when b is divided by (20/14)/(6/w)?
8
Suppose 3*w = -5*c + 16, 4 = -2*c + 5*w - 2. Suppose -f + 5*n + 6 + 0 = 0, -c*f + 36 = -2*n. Calculate the remainder when f is divided by 11.
10
Let b = -23 + 42. What is the remainder when 55 is divided by b?
17
Let l(b) = -b**3 - b + 33. Let s be l(0). Calculate the remainder when 64 is divided by -2*1*s/(-3).
20
Suppose -6 = -b + 14. What is the remainder when b is divided by 8?
4
Suppose y - 4*y + 52 = b, -2*y + 38 = -b. Calculate the remainder when 35 is divided by y.
17
Let r(c) = -c**3 - 2*c**2 + c. Calculate the remain